{"id":8,"date":"2018-05-10T23:02:40","date_gmt":"2018-05-10T23:02:40","guid":{"rendered":"https:\/\/sarteam.rsoft.pt\/?page_id=8"},"modified":"2018-05-10T23:07:54","modified_gmt":"2018-05-10T23:07:54","slug":"sobre","status":"publish","type":"page","link":"https:\/\/sarteam.rsoft.pt\/?page_id=8","title":{"rendered":"Sobre"},"content":{"rendered":"<p>Poder\u00e1 ser um artista que pretende apresentar-se e mostrar o seu trabalho, ou poder\u00e1 ser uma empresa com uma miss\u00e3o para descrever.<\/p>\n","protected":false},"excerpt":{"rendered":"<p>Poder\u00e1 ser um artista que pretende apresentar-se e mostrar o seu trabalho, ou poder\u00e1 ser uma empresa com uma miss\u00e3o para descrever.<\/p>\n","protected":false},"author":1,"featured_media":30,"parent":0,"menu_order":0,"comment_status":"closed","ping_status":"closed","template":"","meta":{"footnotes":""},"class_list":["post-8","page","type-page","status-publish","has-post-thumbnail","hentry"],"_links":{"self":[{"href":"https:\/\/sarteam.rsoft.pt\/index.php?rest_route=\/wp\/v2\/pages\/8","targetHints":{"allow":["GET"]}}],"collection":[{"href":"https:\/\/sarteam.rsoft.pt\/index.php?rest_route=\/wp\/v2\/pages"}],"about":[{"href":"https:\/\/sarteam.rsoft.pt\/index.php?rest_route=\/wp\/v2\/types\/page"}],"author":[{"embeddable":true,"href":"https:\/\/sarteam.rsoft.pt\/index.php?rest_route=\/wp\/v2\/users\/1"}],"replies":[{"embeddable":true,"href":"https:\/\/sarteam.rsoft.pt\/index.php?rest_route=%2Fwp%2Fv2%2Fcomments&post=8"}],"version-history":[{"count":1,"href":"https:\/\/sarteam.rsoft.pt\/index.php?rest_route=\/wp\/v2\/pages\/8\/revisions"}],"predecessor-version":[{"id":17,"href":"https:\/\/sarteam.rsoft.pt\/index.php?rest_route=\/wp\/v2\/pages\/8\/revisions\/17"}],"wp:featuredmedia":[{"embeddable":true,"href":"https:\/\/sarteam.rsoft.pt\/index.php?rest_route=\/wp\/v2\/media\/30"}],"wp:attachment":[{"href":"https:\/\/sarteam.rsoft.pt\/index.php?rest_route=%2Fwp%2Fv2%2Fmedia&parent=8"}],"curies":[{"name":"wp","href":"https:\/\/api.w.org\/{rel}","templated":true}]}}